en 211 is divided by g.
69
Suppose -2*w + 166 = 2*i - 6*w, 4*i = -5*w + 267. What is the remainder when i is divided by 70?
3
Let n = -14395 - -15160. What is the remainder when n is divided by 59?
57
Suppose -h = 2*v - 1415, -27*h = -22*h - v - 7075. What is the remainder when h is divided by 71?
66
Calculate the remainder when 450 + (12 - (-16 + 31)) is divided by 57.
48
Let o = -107 + 152. Suppose -243 = -o*f + 36*f. Calculate the remainder when 240 is divided by f.
24
What is the remainder when 1565 is divided by (-4)/(-46) - (5 + -685*16/920)?
4
Let h = 186 - 74. Suppose 3*m - h = m. Suppose -5*f = 2*o - 53, -3*f - 119 = -15*o + 11*o. Calculate the remainder when m is divided by o.
27
Let x = 2032 - 1094. Calculate the remainder when x is divided by 95.
83
Let g(w) = 2*w + 8. Let x be g(-17). Calculate the remainder when 2/13 - (2 - (-3012)/x) is divided by 23.
22
Suppose 4*m + 5*k - 43 = 0, -5*m = -9*m + 5*k + 53. Calculate the remainder when 524 is divided by m.
8
Let v(m) = -13*m**3 - m**2 + 3*m - 3. Let h be v(1). Calculate the remainder when 101 is divided by (-4 + 2)/((h/(-44))/(-7)).
13
Suppose 2*h = -3*v + 573, v + 821 = h + 2*h. What is the remainder when 9655 is divided by h?
271
Suppose 2*z - 5*l - 646 = 0, -12*l = 4*z - 14*l - 1244. What is the remainder when z is divided by 9?
2
Suppose -132*c + 10514 + 2218 = 60. Calculate the remainder when 561 is divided by c.
81
Suppose -4*s = -8*z + 103564, 0 = 2*z - 4*s + 5602 - 31484. Calculate the remainder when z is divided by 370.
367
Suppose 4831 + 6817 = 56*g. What is the remainder when 12477 is divided by g?
205
Suppose -3*y - 12 = -3*w - 6, -2*y + 6 = 3*w. Calculate the remainder when 148 is divided by 126/4 - w/4.
24
Suppose -15*p = -6*p - 81. Suppose -203*d + 202*d = -p. What is the remainder when 70 is divided by d?
7
Suppose 3*x - 15 = -0*x. Suppose -k = x, 2*k - 13 = l - 54. Let s(t) = 9*t**2 - 2*t + 1. Calculate the remainder when l is divided by s(1).
7
Suppose 1 = -34*f + 35*f. Let s(l) = 269*l - 7. Calculate the remainder when s(f) is divided by 19.
15
Let m = -3367 - -3416. Calculate the remainder when m is divided by 46.
3
Suppose 4*u = -4*c + 266 + 746, 1014 = 4*u + 5*c. Let m = 264 - u. Calculate the remainder when 36 is divided by m.
10
Suppose -8*y = -93*l + 91*l - 1198, l = -y + 146. What is the remainder when y is divided by 29?
4
Let k = 729 - 326. Suppose -2*i + 15*i - k = 0. Suppose 2*q + 33 = 5*q. What is the remainder when i is divided by q?
9
Let d = -289 - -311. Let c(w) = w**2 - 22*w + 21. What is the remainder when 114 is divided by c(d)?
9
Let z(k) = 2*k**2 + 25*k - 11. Let c be z(-13). Suppose -208 = c*b - 6*b. Let g = 9 + b. What is the remainder when g is divided by 9?
7
Suppose 5*a + 265 = 38*z - 33*z, z + 4*a = 68. What is the remainder when 193 is divided by z?
25
Suppose -3*p = 5*m, 0 = -3*m + 5*p + 29 + 5. Let b be 3*25/m*1/1. Suppose -19*j + 20*j - b = 0. What is the remainder when j is divided by 14?
11
Suppose 4*r - 52 = 4*n, -r - 3*n = -5*r + 50. What is the remainder when 236 is divided by r?
5
Let m(z) = -z**2 - 116*z + 225. What is the remainder when 133 is divided by m(-117)?
25
Let a = -121 - 19. What is the remainder when 71 is divided by a/3*162/(-189)?
31
Let b(j) = j**3 - 3*j**2 - 2*j - 20. Let o be b(8). Let p = -273 + o. What is the remainder when 31 is divided by p?
9
Let d = 854 - 752. What is the remainder when 312 is divided by d?
6
Suppose 4*v - x - 62 = 0, 4*v - 16*x + 21*x - 74 = 0. Let g(f) = -3 - 14*f - 14*f - 10*f + 29*f. Calculate the remainder when g(-7) is divided by v.
12
Suppose 0 = -193*u + 4069 + 10985. Calculate the remainder when 10762 is divided by u.
76
Let j(x) = -7*x**2 - 644*x + 26. What is the remainder when 2681 is divided by j(-92)?
3
Suppose -10*b + 8*b = -12. Suppose -191 = -b*m + 349. Suppose 5*f + m = 3*d - 0*f, -4*d = 2*f - 94. What is the remainder when 95 is divided by d?
20
Let g(j) = 13*j - 1. Let y be (2000/45)/20 + 4/(-18). Suppose 4*o - 3*l - y*l = 247, 0 = 2*o + 3*l - 107. Calculate the remainder when o is divided by g(1).
10
Let f = 25 + -12. Calculate the remainder when (-1104)/9*3/(-4) - -9 is divided by f.
10
Suppose l - 2*r - 431 = -86, 0 = 4*l + 2*r - 1330. What is the remainder when l is divided by 17?
12
Let p(u) = 2*u + 32. Let j be (25 - 1)/(1 + (-15)/6). Let o be p(j). Suppose -4*g = 4*i - i - 38, o = -4*i - 8. What is the remainder when 16 is divided by g?
5
Let q(p) = 4*p + 2. Let j(m) = -5558*m - 99999. What is the remainder when j(-18) is divided by q(4)?
9
Suppose -9*q = -4*q - 25. Suppose q*m + 36 = -49. Let c = m - -23. Calculate the remainder when c is divided by 2.
0
Suppose 0 = 72*x - 37949 - 42331. Calculate the remainder when 2235 is divided by x.
5
Suppose 0 = 4*f + 12, 5*v - 235 = -f + 272. Let b = -82 + v. What is the remainder when 59 is divided by b?
19
Suppose 0 = -4*h + 13 + 3. Let q(v) = 2*v**2 + 4*v - 1. Suppose -166*w = -3784*w + 14719 + 43169. Calculate the remainder when q(h) is divided by w.
15
Suppose -y - 789 = 3*h - 221, -186 = h + 2*y. Let a = -95 - h. Let r = a - 61. What is the remainder when 169 is divided by r?
33
Let u = 225 - 146. Let b = -265 + 279. Calculate the remainder when u is divided by b.
9
Suppose 2*k + 1243 = -5*c, 7*k - 2*k = -5*c - 1255. Let m = 266 + c. What is the remainder when 30 is divided by m?
11
Let f(z) = -z**3 - 8*z**2 - 7*z. Let h be f(-7). Suppose h = 2*y - 110 + 98. Suppose 4*d = 37 + 51. Calculate the remainder when d is divided by y.
4
Let k(w) = 17*w - 84. Let g be k(6). Suppose -17*s = -19*s + g. Calculate the remainder when s is divided by 5.
4
Let h(z) = -2*z**2 + 61*z - 293. Calculate the remainder when 640 is divided by h(18).
12
Let y(k) = k**3 - 12*k**2 - 28*k - 225. What is the remainder when y(15) is divided by 12?
6
Suppose 4*i = -5*t + 452, -5*t + t + 339 = 3*i. Suppose 5*v + 15 = 0, -9*v + 5*v = 5*s - 133. What is the remainder when i is divided by s?
26
Suppose -m = 11*w - 15*w - 457, 2*m = 5*w + 899. Suppose 9*g + 14*g = m. What is the remainder when 220 is divided by g?
11
Let y = -104 - -106. Suppose -6*m + y*m + 972 = 0. Let d = m + -157. What is the remainder when d is divided by 44?
42
Let a(x) = -11*x - 6. Suppose 2*o + 10*u + 6 = 8*u, 0 = 2*u + 4. Calculate the remainder when 21 is divided by a(o).
1
Suppose 2431 = -5*n + 444*n + 236. Let f = 6 + -4. Suppose -f*v = -v - 17. Calculate the remainder when v is divided by n.
2
Let g = 2049 + -1849. What is the remainder when g is divided by 65?
5
Suppose -2*x - 21 = -2*y - 7, 5*x + 2*y + 28 = 0. Calculate the remainder when 23 is divided by 8/x - (-8)/(-24)*-31.
5
Let f = 117 + -117. Suppose -2*a + 85 - 31 = f. Calculate the remainder when 52 is divided by a.
25
Calculate the remainder when 305 is divided by (53/3)/((-25)/(-75)).
40
Suppose 86 = 5*x + 6. Suppose -15*w + 28 = -8*w. Suppose 0*y + 3*y - 170 = -2*f, 0 = 4*f + w*y - 332. Calculate the remainder when f is divided by x.
15
Suppose 8*p - 3*p + 5*g = -25, -4*p - 5*g - 25 = 0. Let u be 104/(-260) + (-262)/(-5). Suppose -4*f + u + 44 = p. What is the remainder when 95 is divided by f?
23
Let t(n) = -2*n + 43. Let c be t(18). Let u(z) = 74*z**2 + z + 6. Let g be u(-2). Suppose -j = -c*j + g. What is the remainder when j is divided by 28?
22
Let o(a) = 12*a + 72. Let d be o(-6). Suppose 0 = -d*w + 12*w - 1188. Calculate the remainder when w is divided by 20.
19
What is the remainder when 560 is divided by -5 - 3*(-308)/42?
16
Suppose z + 3*l + 4 = 11, 4*l = -4*z + 20. Suppose -15*x + 19*x + z = 0, -3*x - 75 = -2*h. Let o(s) = 18*s + 1. What is the remainder when h is divided by o(1)?
17
Let u = 69 + -39. Let q = -50 + 50. Suppose q = -m + 3*m - 166. Calculate the remainder when m is divided by u.
23
Let d = -244 + 248. Suppose 5*y - 110 = -d*r, -129 = -5*y - 5*r - 24. Calculate the remainder when 127 is divided by y.
23
Let w = -64145 - -117772. Calculate the remainder when w is divided by 41.
40
Suppose 88 - 25 = 3*u. Let c be (-937)/(-4) + 18/(-72). Suppose -5*f + c = -2*f. Calculate the remainder when f is divided by u.
15
Suppose -20*z = -12*z + 16. Let w be ((-9)/6)/(z/8). Suppose r = w*r - 360. What is the remainder when r is divided by 22?
6
Let b = -40 + 41. Let o be 1568/70 - (4/10)